se
Let z = -2634 - -4535. Is z a composite number?
False
Let y be 927 + (-2 - (-4 + 2) - 1). Suppose -225 = m - y. Is m a prime number?
True
Suppose -4*s - 8*v = -10*v - 32588, 0 = -5*v. Is s prime?
True
Let x be (1*-3)/(-3) - -7. Suppose -2*h - h = 3*g - 99, 2*h - 5*g = 101. Let o = x + h. Is o composite?
True
Is (33/(-2))/((-102)/38284) prime?
False
Let g(k) = -7*k**3 - 3*k**2 - k + 3. Let p(b) = -966 - 4*b + 966. Let y be p(1). Is g(y) a prime number?
False
Let w be (0 - -8) + 15/(-5). Suppose w*o + 144 = 4929. Suppose 0 = 5*b - 2*x - o, -4*b - 3*x + 6*x = -767. Is b prime?
True
Let j be 9 - 13 - 2*-1. Is (-5730)/20*j/3 a prime number?
True
Let j be (2195/(-2))/5*(-1 - 1). Suppose 0 = 3*b - 170 - j. Is b composite?
True
Let u = 32 - -2. Let r = 1013 - u. Is r a composite number?
True
Is -1986*(15/(-6))/5 a composite number?
True
Let u(y) = 3*y + 24. Let r be u(-8). Suppose -2*w - 1 + 11 = r, 11838 = 3*t + 3*w. Is t composite?
True
Let b(i) = -5*i**2 - i. Let l(o) = -o**2. Let w(c) = b(c) - 4*l(c). Let a be w(0). Suppose 0*v + v - 39 = a. Is v a composite number?
True
Let a(x) = 2*x**3 - 2*x**2 - 4*x - 1. Let l(c) = -2*c - 3. Let v be l(-3). Is a(v) composite?
False
Suppose -k - 1692 + 6565 = 0. Is k prime?
False
Let b(y) = y**2 - y + 5. Let g be b(0). Suppose -g*u = -257 - 128. Suppose -2*k = -0*k, u = w + k. Is w a prime number?
False
Let o = -3854 - -11193. Is o a composite number?
True
Let f(v) = 4180*v**3 - 17*v**2 - 14*v - 14. Let q(z) = -1393*z**3 + 6*z**2 + 5*z + 5. Let i(s) = -6*f(s) - 17*q(s). Is i(-1) composite?
False
Let d(k) = k**3 - 2*k**2 - 4*k + 3. Let h be d(3). Suppose 7*o - 2*o - 4685 = h. Is o a prime number?
True
Let n be -1 - 740*(-3 - -2). Let d = n - -234. Is d composite?
True
Suppose -4*k - 2*g + 1220 = 378, 4*k - 844 = -4*g. Let i = -19 + k. Is i a composite number?
False
Suppose 0 = -2*m - c - 3*c + 20410, -2*m = 5*c - 20415. Is m composite?
True
Let p = 6517 + 20074. Is p a prime number?
True
Let v(o) = -3*o**3 - 15*o**2 - 8*o - 7. Is v(-6) prime?
True
Let o(u) = -84*u - 8. Let m be o(-5). Suppose 1370 = 2*p - 4*v, -v + 1767 = 2*p + m. Is p a prime number?
False
Let a(x) = 39*x**3 + 4*x + 3. Let d be a(-1). Let k = 83 - d. Is k prime?
False
Let z = -7097 + 10440. Is z a prime number?
True
Suppose -4*p + 24 = -2*x, -2*p - 5*x = p - 18. Suppose -p*b = 74 - 1220. Is b a prime number?
True
Let s(r) = r**3 + 5*r**2 - 8*r - 12. Let f be s(-6). Suppose -2*v + 1204 - 158 = f. Is v composite?
False
Let n = 1281 + 1678. Is n composite?
True
Let r(v) = -56*v**3 - 66*v**2 - 84*v + 111. Let d(t) = -11*t**3 - 13*t**2 - 17*t + 22. Let w(h) = -11*d(h) + 2*r(h). Is w(9) a prime number?
True
Let r(u) = u**2 - u - 6. Let d be r(-8). Suppose -3*g - 4*l + 261 = 0, -2*g - 5*l + d + 108 = 0. Is g a composite number?
True
Let c be (-4)/34 - (-243519)/(-51). Let v = c - -7062. Is v composite?
False
Is 52/(-78) - 363058/(-6) prime?
True
Suppose -g + 11 = -k + 5*k, 13 = 3*g + 2*k. Suppose 5*r - 2508 = -2*t + 2*r, -4*t - g*r + 5016 = 0. Is (-8)/(-12)*t/4 a prime number?
False
Suppose -a + s + 4 = -0*s, -4*a - 3*s + 16 = 0. Suppose -5*i = 2*y - 1985 - 3968, 2*y - 4764 = -a*i. Is i prime?
False
Let z = 72 + -64. Is (2/(-3))/(z/(-27996)) prime?
True
Suppose 3*o = -2*o. Let u = -2 - o. Is (-1)/((-4)/(-586))*u prime?
True
Suppose -4*v - 8298 = -0*v - 2*f, -3*v + f = 6221. Let l = -1331 - v. Suppose -2*z - 3*z + s + l = 0, -3*z = 3*s - 459. Is z composite?
False
Suppose -3 - 5 = 4*j, l - 5*j - 4193 = 0. Is l a prime number?
False
Let c(g) = g - 11. Let w be c(11). Suppose -4*l + 6909 = 5*q - 0*q, 5*q + l - 6906 = w. Suppose -3*j + 830 = -q. Is j prime?
False
Let o = 2020 + -592. Let g = o - 815. Is g a prime number?
True
Let h = 11 + -5. Let z be (-6)/(-4)*(-2 + 4). Suppose 357 = -z*p + h*p. Is p composite?
True
Suppose -5*l - 4*f + 7*f - 7 = 0, 5*l - 4*f + 11 = 0. Is -1 - (1 + l - 638) prime?
False
Let t = -45 - -30. Let n(o) = -111*o + 8. Is n(t) composite?
True
Let k = 1 + 2. Suppose -t = -3*z - 19, -4*t = -z + k*z - 118. Let j = 23 + t. Is j prime?
False
Let r(s) = s**2 - 41*s - 115. Is r(-35) prime?
False
Let g = 500 + 511. Is g prime?
False
Let n(o) = o**2 - 11*o - 15. Let c = -25 - -38. Let j be n(c). Suppose -7*l = -j*l + 196. Is l composite?
True
Let n(g) = -3*g**3 - 6*g**2 - 2*g - 9. Suppose -4*d = -2*a + 28, 0 = d - 6*d - 5*a - 20. Let t be n(d). Suppose 250 + t = b. Is b prime?
False
Let g be 11*-1*(-127 - -16). Suppose -27*a - g = -30*a. Is a a prime number?
False
Suppose s - 150 = -5*s. Is -4 + s/10 + 317/2 composite?
False
Let q(d) = d**3 + 9*d**2 + 5*d - 19. Let h be q(-8). Suppose 3*y - h*y + 398 = 0. Is y prime?
True
Suppose -118*v = -113*v - 25485. Is v prime?
False
Let r be ((-9)/2)/(-9) - (-153)/(-2). Let l = r - -80. Is l prime?
False
Is (6/3 - 2) + (-1 - -5007) a composite number?
True
Let t(j) = 21*j**2 + 7*j - 7. Let g be t(4). Let u = 686 - g. Is u prime?
False
Is 21629 - (-7 + (-6)/(-10 - -4)) a composite number?
True
Let a = 28959 + -3928. Is a a prime number?
True
Suppose -5*l - 29630 = -0*h - 5*h, 4*h = -l + 23689. Is h a prime number?
True
Is 45283/15 - (-4 + (-174)/(-45)) composite?
False
Let m(c) = 24 - 9 - 2*c - 16. Let q be m(-4). Suppose -9*u + q*u + 226 = 0. Is u composite?
False
Suppose -7 = -2*q + 1. Let b = q + 0. Suppose -2*i + 16 = 5*x - b*i, -i + 6 = x. Is x a prime number?
False
Suppose -113266 = -2*p - 2*s, -4*p - 3*s + 197666 = -28862. Is p a composite number?
False
Let y = 1 - -1. Suppose 2*u + z = 890, y*u - 643 = 3*z + 263. Is u a composite number?
True
Let j(a) = 991*a - 39. Is j(16) prime?
True
Let d(b) = 61*b**2 - 248*b - 13. Is d(-12) prime?
False
Is 2/14 + 4*(-222)/(-7) prime?
True
Suppose 4*v - 14627 - 12321 = 0. Is v composite?
False
Suppose 3*s + 77004 = 3*j, 2*s = -26*j + 23*j + 76999. Is j a composite number?
False
Let s be (-27)/(-12) + 1/(-4). Let m = 3 - s. Let d(b) = 117*b**2 + b. Is d(m) a prime number?
False
Let j = 60921 - 38458. Is j composite?
True
Let y be (-3*1)/(9/(-18)). Let s(t) = -t**3 + 4*t**2 + 12*t - 2. Let m be s(y). Is ((-2435)/(-20))/(m/(-8)) a composite number?
False
Let p(s) = -s + 8. Let k be p(0). Suppose k*y - 69 = 5*y. Is y a composite number?
False
Suppose 4*m = 2*i + 12076, 3*i + 5183 = 2*m - 863. Is m prime?
False
Let s(j) = j**2 + 8*j + 14. Let d be s(-6). Suppose 2*n = -d + 8. Suppose 4*a - 476 = -4*h, -n*a = -0*h + 4*h - 476. Is h composite?
True
Let y(r) = -3*r + 3. Let a be y(1). Suppose a = -f + 2 + 1. Suppose f*m + 265 = 8*m. Is m composite?
False
Let z(u) = -23*u + 2. Let s be z(-1). Let m = 21 - s. Let q(v) = -14*v - 5. Is q(m) a composite number?
True
Let f = -97 + 103. Is (-4)/f - 1342/(-6) composite?
False
Suppose -2*s = -235 - 65. Let x(d) = d + 47. Let n be x(-15). Suppose n - s = -u. Is u prime?
False
Let x = -4 + 2. Let t(k) = -k**3 + 4*k + 3. Let d be t(x). Suppose 3*h - 3*w = 183 + 195, 5*h - d*w = 640. Is h a prime number?
True
Let m(v) = 5*v - 3. Let l be m(-4). Let n = l - -156. Suppose 32 + n = 3*p. Is p composite?
True
Let v(m) = -128*m + 9. Let h be -1*((-6)/21)/((-3)/42). Is v(h) prime?
True
Let y(o) = -2*o**2 - 18*o - 19. Let v(w) = w**2 + 9*w + 10. Let p(f) = -7*v(f) - 4*y(f). Let s be p(-7). Is (-2)/(0 - s/(-44)) composite?
False
Suppose 0 = -11*k + 6*k - 40. Is 259 - (-6 + 6) - k/2 prime?
True
Let l be (-102)/1*(2/3 + -1). Suppose -3*k - l + 361 = 0. Is k prime?
True
Suppose -5 = -2*l + 5*t, -9 + 3 = -l - t. Suppose -4*b = -5*b - l*n + 324, n = -5*b + 1644. Is b prime?
False
Suppose 0 = -v - 1 + 8. Let u(b) = -b**2 + 6*b + 7. Let a be u(v). Suppose a = 7*d - 209 + 27. Is d composite?
True
Let x(g) = -42*g**2 + g. Let h be x(4). Suppose -4*s + 14 = 2*f, -2*f - 5 = -4*s + 5. Is 6/18 - h/s composite?
False
Let i be (-6)/33 - (-8)/44. Suppose i = 11*n - 14*n + 12. Suppose 4563 - 12319 = -n*h. Is h composite?
True
Suppose -7*n - 10*n + 758387 = 0. Is n composite?
True
Let o be (0 - (-1 + -18)) + 3. Let r = o + -16. Suppose r*c - 1164 = 2*c. Is c composite?
True
Let o(h) = 68*h**2 - 16*h + 25. Is o(8) composite?
True
Let k = 1504 + -1070. Suppose w = 2*f + 289, 2*w - k - 142 = 5*f. Is w prime?
True
Let y = 14964 + -10498. Suppose 0 = -5*r + w + y, -7*w = -2*w + 5. Is r composite?
True
Suppose -5*l - 2*h = -4, 6*h - 5*h - 2 = 0. Supp